82383 composite?
False
Is 86789 a prime number?
False
Is 236631 a prime number?
False
Is 369463 a prime number?
False
Is 3761 a composite number?
False
Is 504967 a composite number?
False
Is 4127 prime?
True
Is 71846 prime?
False
Is 80363 a composite number?
False
Is 641 composite?
False
Is 10909 prime?
True
Is 1056207 a composite number?
True
Is 622783 a prime number?
False
Is 26083 prime?
True
Is 2959 a composite number?
True
Is 18211 composite?
False
Is 96623 a prime number?
False
Is 1508651 a composite number?
False
Is 216167 prime?
False
Is 292837 a composite number?
False
Is 32831 a prime number?
True
Is 9601 composite?
False
Is 23899 prime?
True
Is 283013 a composite number?
True
Is 2096347 prime?
False
Is 199711 prime?
False
Is 1153133 a composite number?
True
Is 107231 a composite number?
True
Is 8803 composite?
False
Is 1361 prime?
True
Is 5401 composite?
True
Is 3409 composite?
True
Is 2031281 composite?
True
Is 237227 a prime number?
False
Is 121571 a prime number?
True
Is 871 a composite number?
True
Is 309847 a prime number?
False
Is 331 a composite number?
False
Is 1115 composite?
True
Is 46337 a composite number?
False
Is 1217 prime?
True
Is 27374 prime?
False
Is 50187 prime?
False
Is 98913 a composite number?
True
Is 649177 a prime number?
False
Is 12307 prime?
False
Is 1099607 a composite number?
True
Is 11641 composite?
True
Is 697 a composite number?
True
Is 8209 a prime number?
True
Is 2552366 a composite number?
True
Is 11179 a prime number?
False
Is 5377489 a composite number?
True
Is 174479 a prime number?
False
Is 63887 a prime number?
False
Is 55457 composite?
False
Is 9662 a composite number?
True
Is 409327 composite?
False
Is 3659 a prime number?
True
Is 1525297 composite?
False
Is 130337 composite?
False
Is 411881 a composite number?
True
Is 119057 prime?
True
Is 115013 composite?
False
Is 5141 composite?
True
Is 2641 a prime number?
False
Is 33805 composite?
True
Is 54853 composite?
True
Is 21779 a prime number?
False
Is 227927 a composite number?
True
Is 12269 composite?
False
Is 9523 composite?
True
Is 3525569 a composite number?
True
Is 53083 a composite number?
True
Is 6077 composite?
True
Is 11579 composite?
False
Is 547601 a prime number?
True
Is 100371 a composite number?
True
Is 19394 a prime number?
False
Is 1348379 prime?
True
Is 184133 prime?
True
Is 1708609 composite?
True
Is 14909 prime?
False
Is 1123867 a prime number?
True
Is 10289 prime?
True
Is 20281 a prime number?
False
Is 523749 a prime number?
False
Is 113081 a composite number?
False
Is 3591655 composite?
True
Is 12059 prime?
False
Is 7321 prime?
True
Is 277051 a prime number?
True
Is 28513 composite?
False
Is 8923 a prime number?
True
Is 89363 a prime number?
True
Is 53881 composite?
False
Is 257707 a composite number?
False
Is 4885201 a composite number?
False
Is 22757 a composite number?
True
Is 1088917 a prime number?
True
Is 150827 a composite number?
False
Is 2149547 prime?
False
Is 219653 composite?
True
Is 103963 prime?
True
Is 12451 a prime number?
True
Is 11579 a prime number?
True
Is 162299 a composite number?
True
Is 104987 a prime number?
True
Is 5386 a prime number?
False
Is 13749 a composite number?
True
Is 501563 a prime number?
True
Is 56611 composite?
False
Is 6031 a composite number?
True
Is 7283 a composite number?
False
Is 97547 a prime number?
True
Is 56119 prime?
False
Is 2234 composite?
True
Is 8939 prime?
False
Is 133823 prime?
False
Is 3953 a composite number?
True
Is 41687 composite?
False
Is 17077 a prime number?
True
Is 32819 prime?
False
Is 469 a prime number?
False
Is 4685407 a prime number?
True
Is 108111 a prime number?
False
Is 11879 a prime number?
False
Is 2621 a composite number?
False
Is 43201 a prime number?
True
Is 3079 a prime number?
True
Is 199235 prime?
False
Is 35051 prime?
True
Is 701 a prime number?
True
Is 34271 a composite number?
True
Is 108247 a composite number?
False
Is 14583 a prime number?
False
Is 40429 a prime number?
True
Is 4885957 a composite number?
False
Is 2467 composite?
False
Is 1319 a composite number?
False
Is 619414 composite?
True
Is 760385 prime?
False
Is 2420609 a composite number?
False
Is 14513 a composite number?
True
Is 435103 a prime number?
True
Is 35177 a prime number?
False
Is 652565 prime?
False
Is 5569 composite?
False
Is 27862 a composite number?
True
Is 17891 a composite number?
False
Is 6607 a prime number?
True
Is 230011 a prime number?
False
Is 217559 a prime number?
True
Is 217621 prime?
False
Is 19207 a composite number?
False
Is 882806 a composite number?
True
Is 27299 a composite number?
False
Is 2417 a composite number?
False
Is 29717 a composite number?
False
Is 117103 prime?
False
Is 28879 composite?
False
Is 16079 a composite number?
True
Is 142855 a prime number?
False
Is 214603 a composite number?
False
Is 150041 a composite number?
False
Is 1270987 composite?
True
Is 13646 a composite number?
True
Is 48938 a prime number?
False
Is 2061419 a composite number?
False
Is 91301 a prime number?
False
Is 19739 a composite number?
False
Is 515 prime?
False
Is 38963 a prime number?
False
Is 1115 prime?
False
Is 10327 composite?
True
Is 244262 a composite number?
True
Is 833251 prime?
True
Is 213163 composite?
True
Is 28339 a prime number?
False
Is 598123 prime?
True
Is 602569 a prime number?
False
Is 80329 prime?
True
Is 179978 composite?
True
Is 248059 a prime number?
False
Is 740423 composite?
False
Is 33287 composite?
False
Is 499 a prime number?
True
Is 46623 composite?
True
Is 42611 prime?
True
Is 33049 composite?
False
Is 1357 a prime number?
False
Is 184003 prime?
True
Is 9263 a composite number?
True
Is 23719 a composite number?
False
Is 283145 a prime number?
False
Is 4657 a composite number?
False
Is 40867 composite?
False
Is 286831 a prime number?
True
Is 7067 a prime number?
False
Is 43037 a composite number?
False
Is 48157 a prime number?
True
Is 16291 prime?
False
Is 3683 a composite number?
True
Is 114671 prime?
True
Is 63177 prime?
False
Is 123581 prime?
True
Is 272969 a composite number?
True
Is 462467 composite?
False
Is 38039 a composite number?
False
Is 5257 composite?
True
Is 171382 a prime number?
False
Is 14923 composite?
False
Is 340369 prime?
True
Is 387367 composite?
True
Is 5758 a composite number?
True
Is 251549 a prime number?
False
Is 317 prime?
True
Is 31359 a composite number?
True
Is 86753 a composite number?
False
Is 40835 composite?
True
Is 285083 a composite number?
True
Is 16183 a composite number?
False
Is 35759 prime?
True
Is 22207 a composite number?
True
Is 709 a composite number?
False
Is 728113 a composite number?
False
Is 8093 a composite number?
False
Is 2939 prime?
True
Is 1404551 composite?
True
Is 376357 a prime number?
False
Is 16619 a composite number?
False
Is 104459 a prime number?
True
Is 8059 composite?
False
Is 50767 prime?
True
Is 13927 composite?
True
Is 251907 composite?
True
Is 38746 prime?
False
Is 5017 composite?
True
Is 437719 composite?
False
Is 54599 composite?
True
Is 217643 composite?
False
Is 45599 a composite number?
False
Is 572387 composite?
False
Is 235 prime?
False
Is 1145761 a composite number?
True
Is 122777 composite?
False
Is 307253 a composite number?
False
Is 8781 a composite number?
True
Is 543407 a prime number?
True
Is 802523 a composite number?
False
Is 71453 prime?
True
Is 122911 prime?
False
Is 5737 a prime number?
True
Is 63559 a prime number?
True
Is 9941 composite?
False
Is 236137 composite?
True
Is 93373 a composite number?
True
Is 19801 composite?
False
Is 69367 a composite number?
True
Is 15187 a prime number?
True
Is 20177 prime?
True
Is 445259 a composite number?
True
Is 5905 composite?
True
Is 53905 a prime number?
False
Is 708517 prime?
True
Is 58391 a prime number?
True
Is 54931 composite?
True
Is 34717 a prime number?
False
Is 14251 composite?
False
Is 5003 a prime number?
True
Is 53171 a prime number?
True
Is 10451 composite?
True
Is 20329 prime?
False
Is 136987 prime?
True
Is 71477 prime?
False
Is 22769 prime?
True
Is 275713 a prime number?
False
Is 197803 a composite number?
False
Is 30029 a composite number?
False
Is 302383 a prime number?
False
Is 8483 a composite number?
True
Is 4049 prime?
True
Is 5251 a composite number?
True
Is 2172539 prime?
True
